{"id":3650,"date":"2020-04-06T01:50:24","date_gmt":"2020-04-06T04:50:24","guid":{"rendered":"http:\/\/qantumthemes.xyz\/onair2\/demo3\/?page_id=3650"},"modified":"2025-01-05T17:04:51","modified_gmt":"2025-01-05T20:04:51","slug":"a-radio","status":"publish","type":"page","link":"https:\/\/radiokosak.com.br\/portal\/a-radio\/","title":{"rendered":"Sobre a R\u00e1dio"},"content":{"rendered":"<p>[vc_row][vc_column][vc_column_text]<!--more--><\/p>\n<h4><img loading=\"lazy\" decoding=\"async\" class=\"alignnone wp-image-6182\" style=\"font-size: 16px;\" src=\"https:\/\/www.radiokosak.com.br\/portal\/wp-content\/uploads\/2022\/05\/banner_topo-300x46.png\" alt=\"\" width=\"972\" height=\"149\" srcset=\"https:\/\/radiokosak.com.br\/portal\/wp-content\/uploads\/2022\/05\/banner_topo-300x46.png 300w, https:\/\/radiokosak.com.br\/portal\/wp-content\/uploads\/2022\/05\/banner_topo-768x118.png 768w, https:\/\/radiokosak.com.br\/portal\/wp-content\/uploads\/2022\/05\/banner_topo.png 966w\" sizes=\"auto, (max-width: 972px) 100vw, 972px\" \/><\/h4>\n<p>&nbsp;<\/p>\n<!--[if lt IE 9]><script>document.createElement('audio');<\/script><![endif]-->\n<audio class=\"wp-audio-shortcode\" id=\"audio-3650-1\" preload=\"none\" style=\"width: 100%;\" controls=\"controls\"><source type=\"audio\/mpeg\" src=\"https:\/\/www.radiokosak.com.br\/portal\/wp-content\/uploads\/2024\/04\/Institucional_Radio_Kosak_20_anos_2024-05-HITS_mixagem_2005_a_abril_2024.mp3?_=1\" \/><a href=\"https:\/\/www.radiokosak.com.br\/portal\/wp-content\/uploads\/2024\/04\/Institucional_Radio_Kosak_20_anos_2024-05-HITS_mixagem_2005_a_abril_2024.mp3\">https:\/\/www.radiokosak.com.br\/portal\/wp-content\/uploads\/2024\/04\/Institucional_Radio_Kosak_20_anos_2024-05-HITS_mixagem_2005_a_abril_2024.mp3<\/a><\/audio>\n<p>&nbsp;<\/p>\n<h4>R\u00c1DIO KOSAK &#8211; \u00c9 a combina\u00e7\u00e3o que faz da R\u00e1dio Kosak um dos ve\u00edculos de comunica\u00e7\u00e3o mais querido do Paran\u00e1.<\/h4>\n<p>Fundada em 9 de agosto de 2005, a R\u00e1dio Kosak \u00e9 a mais ouvida em Curitiba, Paran\u00e1, na internet e em todo o territ\u00f3rio nacional, al\u00e9m de ser popular entre brasileiros que residem no exterior. Desde o in\u00edcio, a r\u00e1dio tem a criatividade como pe\u00e7a fundamental de sua programa\u00e7\u00e3o, atingindo todas as faixas et\u00e1rias.<\/p>\n<p>Desde os primeiros meses de sua funda\u00e7\u00e3o, a R\u00e1dio Kosak foi pioneira em iniciativas importantes para a hist\u00f3ria do r\u00e1dio FM na internet. Em dezembro de 2005, realizou a primeira transmiss\u00e3o digital em MP3-Pro via internet, proporcionando uma programa\u00e7\u00e3o com som digital. Isso permitia que ouvintes com acesso \u00e0 internet discada, ou de baixa velocidade, pudessem ouvir a programa\u00e7\u00e3o com qualidade superior. A R\u00e1dio Kosak tamb\u00e9m foi a primeira a transmitir ao vivo informa\u00e7\u00f5es sobre Seguran\u00e7a e Sa\u00fade do Trabalhador.<\/p>\n<p>Hoje, a R\u00e1dio Kosak continua sendo refer\u00eancia em programa\u00e7\u00e3o entre as r\u00e1dios FM e online, atrav\u00e9s de seu aplicativo exclusivo, que permite aos ouvintes baixar e ouvir a programa\u00e7\u00e3o em qualquer lugar.<\/p>\n<p>&nbsp;<\/p>\n<audio class=\"wp-audio-shortcode\" id=\"audio-3650-2\" preload=\"none\" style=\"width: 100%;\" controls=\"controls\"><source type=\"audio\/mpeg\" src=\"https:\/\/www.radiokosak.com.br\/portal\/wp-content\/uploads\/2023\/02\/Apresentacao-Radio-Kosak-2021.mp3?_=2\" \/><a href=\"https:\/\/www.radiokosak.com.br\/portal\/wp-content\/uploads\/2023\/02\/Apresentacao-Radio-Kosak-2021.mp3\">https:\/\/www.radiokosak.com.br\/portal\/wp-content\/uploads\/2023\/02\/Apresentacao-Radio-Kosak-2021.mp3<\/a><\/audio>\n<p>&nbsp;<\/p>\n<p>A fidelidade do p\u00fablico da R\u00e1dio Kosak pode ser confirmada pela sua popularidade nos grandes portais de r\u00e1dios, sites de buscadores e plataformas de streaming de \u00e1udio. A r\u00e1dio tamb\u00e9m foi reconhecida como a mais lembrada de Curitiba pelos brasileiros que moram no exterior.<\/p>\n<p>A R\u00e1dio Kosak mant\u00e9m sua miss\u00e3o de investir na forma\u00e7\u00e3o \u00e9tica, cultural e educacional da popula\u00e7\u00e3o, com uma programa\u00e7\u00e3o voltada para entretenimento, esporte e not\u00edcias. A r\u00e1dio presta servi\u00e7os ao cidad\u00e3o, bem como \u00e0s pequenas, m\u00e9dias e grandes empresas brasileiras, sejam elas associa\u00e7\u00f5es n\u00e3o governamentais, p\u00fablicas ou privadas.<\/p>\n<p>Embora voltada para o entretenimento, a R\u00e1dio Kosak tamb\u00e9m tem como miss\u00e3o ser uma emissora a servi\u00e7o da promo\u00e7\u00e3o da sa\u00fade e seguran\u00e7a do trabalhador, prestando servi\u00e7os sociais atrav\u00e9s da informa\u00e7\u00e3o e comunica\u00e7\u00e3o. Suas vinhetas trazem conte\u00fados com mensagens sobre formas de preven\u00e7\u00e3o e direitos que o cidad\u00e3o deve conhecer.<\/p>\n<p>A r\u00e1dio continuar\u00e1 investindo em tecnologia, mantendo sua qualidade digital e aliando entretenimento, informa\u00e7\u00e3o e promo\u00e7\u00e3o da qualidade de vida para satisfazer seu p\u00fablico em geral e valorizar o r\u00e1dio, conforme afirmou Marcio Kosak, presidente.<\/p>\n<p><!--more--><\/p>\n<h2><img loading=\"lazy\" decoding=\"async\" class=\"size-medium wp-image-6514 alignleft\" src=\"https:\/\/www.radiokosak.com.br\/portal\/wp-content\/uploads\/2022\/05\/Quais-os-principais-equipamentos-necessarios-para-uma-radio-1280x7201-1-300x169.jpg\" alt=\"\" width=\"300\" height=\"169\" srcset=\"https:\/\/radiokosak.com.br\/portal\/wp-content\/uploads\/2022\/05\/Quais-os-principais-equipamentos-necessarios-para-uma-radio-1280x7201-1-300x169.jpg 300w, https:\/\/radiokosak.com.br\/portal\/wp-content\/uploads\/2022\/05\/Quais-os-principais-equipamentos-necessarios-para-uma-radio-1280x7201-1-1024x576.jpg 1024w, https:\/\/radiokosak.com.br\/portal\/wp-content\/uploads\/2022\/05\/Quais-os-principais-equipamentos-necessarios-para-uma-radio-1280x7201-1-768x432.jpg 768w, https:\/\/radiokosak.com.br\/portal\/wp-content\/uploads\/2022\/05\/Quais-os-principais-equipamentos-necessarios-para-uma-radio-1280x7201-1.jpg 1280w\" sizes=\"auto, (max-width: 300px) 100vw, 300px\" \/>Outros fatos hist\u00f3ricos que marcaram o in\u00edcio da transmiss\u00e3o da R\u00e1dio Kosak em 2005<\/h2>\n<h2><strong>1\u00ba M\u00fasica tocada no ar<\/strong><\/h2>\n<p>A primeira m\u00fasica a tocar na R\u00e1dio Kosak foi &#8220;You Made It Right&#8221; da banda The Ozark Mountain Daredevils. Marcio Kosak e seu melhor amigo, Carlos Marangon, do portal AreaSeg, gostavam muito de m\u00fasica country internacional. Na inaugura\u00e7\u00e3o da r\u00e1dio, decidiram juntos colocar essa m\u00fasica no ar. &#8220;Foi muito marcante ouvir a transmiss\u00e3o do \u00e1udio em perfeita qualidade,&#8221; afirma Carlos.<\/p>\n<h3>Assista o v\u00eddeo da banda The Ozark Mountain Daredevils<\/h3>\n<p><iframe loading=\"lazy\" title=\"YouTube video player\" src=\"https:\/\/www.youtube.com\/embed\/UYTF6JrNFTc\" width=\"560\" height=\"315\" frameborder=\"0\" allowfullscreen=\"allowfullscreen\"><\/iframe><\/p>\n<h2>2\u00ba M\u00fasica tocada no ar<\/h2>\n<p>Desde a inf\u00e2ncia, aos 11 anos, Marcio trabalhava como ajudante de sonoplastia em uma emissora de r\u00e1dio FM em sua terra natal, Quedas do Igua\u00e7u \u2013 PR. Ele adorava o que fazia, sempre fascinado pela atmosfera da r\u00e1dio. Al\u00e9m de curtir outras bandas, Marcio tinha uma forte liga\u00e7\u00e3o com a banda Starship, especialmente com a m\u00fasica <em>&#8220;Nothing&#8217;s Gonna Stop Us Now&#8221;<\/em> (Nada Vai Nos Parar Agora). Essa can\u00e7\u00e3o marcou sua inf\u00e2ncia, sendo perfeita para testar a transmiss\u00e3o de \u00e1udio est\u00e9reo com qualidade impec\u00e1vel, relembra Marcio.<\/p>\n<p>Durante o per\u00edodo em que estudava na cidade, Marcio frequentemente passava em frente \u00e0 emissora e ficava encantado com a programa\u00e7\u00e3o. Ele pedia a um amigo, que j\u00e1 trabalhava na r\u00e1dio, para gravar suas m\u00fasicas preferidas em fita cassete. Assim, come\u00e7ou a se apaixonar por tudo que fazia parte daquele universo fascinante: os equipamentos, a sala de discoteca e o processo m\u00e1gico de transmiss\u00e3o. Cada detalhe era uma novidade deslumbrante, desde a programa\u00e7\u00e3o que subia pela antena at\u00e9 o momento em que era transmitida para toda a cidade.<\/p>\n<p>A conviv\u00eancia com esse ambiente e a possibilidade de transformar sons e ideias em algo que alcan\u00e7ava tantas pessoas despertaram em Marcio uma profunda admira\u00e7\u00e3o pelo r\u00e1dio. Foi ali, entre o fasc\u00ednio pelos bastidores e o amor pela m\u00fasica, que nasceu sua verdadeira paix\u00e3o pelo universo radiof\u00f4nico, transformando-o em um entusiasta e amante dedicado desse meio m\u00e1gico.<\/p>\n<p><iframe loading=\"lazy\" title=\"YouTube video player\" src=\"https:\/\/www.youtube.com\/embed\/3wxyN3z9PL4\" width=\"560\" height=\"315\" frameborder=\"0\" allowfullscreen=\"allowfullscreen\"><\/iframe><\/p>\n<h2>3\u00ba M\u00fasica tocada no ar<\/h2>\n<p>Em homenagem ao r\u00e1dio, Marcio e Carlos tocaram a terceira m\u00fasica da banda Queen, &#8220;Radio Ga Ga&#8221;. A letra da m\u00fasica fala muito sobre o r\u00e1dio, comentando sobre o aumento da popularidade da televis\u00e3o desde a sua cria\u00e7\u00e3o, e sobre como cada um de n\u00f3s ouve suas emissoras preferidas no r\u00e1dio. Acreditamos que essa seja uma das m\u00fasicas mais queridas pelos radialistas.<\/p>\n<p><iframe loading=\"lazy\" title=\"YouTube video player\" src=\"https:\/\/www.youtube.com\/embed\/azdwsXLmrHE\" width=\"560\" height=\"315\" frameborder=\"0\" allowfullscreen=\"allowfullscreen\"><\/iframe><\/p>\n<h3>R\u00e1dio Kosak faz parceria com o <a href=\"http:\/\/www.sintespar.com.br\" target=\"_blank\" rel=\"noopener\">SINTESPAR<\/a><\/h3>\n<p>No ano de 2008, a R\u00e1dio Kosak e o Sindicato dos T\u00e9cnicos de Seguran\u00e7a do Estado do Paran\u00e1 (SINTESPAR) uniram-se numa grande parceria com o intuito de transmitir ao vivo informa\u00e7\u00f5es e conte\u00fados sobre Seguran\u00e7a e Sa\u00fade do Trabalho. Na \u00e9poca, a r\u00e1dio passou a ter um est\u00fadio de transmiss\u00e3o ao vivo dentro do SINTESPAR.<\/p>\n<p>O presidente do SINTESPAR, Adir de Souza, apresentava na r\u00e1dio um programa ao vivo falando sobre Seguran\u00e7a do Trabalho, Meio Ambiente e tudo o que se relaciona com a profiss\u00e3o. O programa era ouvido por trabalhadores, com participa\u00e7\u00f5es ao vivo de t\u00e9cnicos de seguran\u00e7a do trabalho.<\/p>\n<p>Durante o programa, havia troca de conhecimentos, relatos e fatos sobre a sa\u00fade do trabalhador. Tamb\u00e9m eram realizados debates ao vivo com sindicatos afiliados ao SINTESPAR, que divulgavam seus eventos e vagas de emprego.<\/p>\n<p>O projeto da R\u00e1dio Kosak e SINTESPAR fazia tanto sucesso que era compartilhado pelos profissionais nas empresas onde atuavam. Para enriquecer a programa\u00e7\u00e3o, a R\u00e1dio Kosak tamb\u00e9m recebia conte\u00fados de apoio da FUNDACENTRO para veicular durante a programa\u00e7\u00e3o, incluindo materiais em \u00e1udio sobre a sa\u00fade do trabalhador.<\/p>\n<p>A R\u00e1dio Kosak passou a ser reconhecida e admirada pela Paran\u00e1 Educativa &#8211; R\u00e1dio e Televis\u00e3o Educativa do Paran\u00e1, pela UGT-PR, SINTESP, Revista Prote\u00e7\u00e3o, Amputados Vencedores, \u00c1reaSeg e R\u00e1dio Est\u00fadio Brasil, por ser a \u00fanica r\u00e1dio a transmitir informa\u00e7\u00f5es relevantes sobre Seguran\u00e7a e Sa\u00fade do Trabalhador.<\/p>\n<p><audio class=\"wp-audio-shortcode\" id=\"audio-3650-3\" preload=\"none\" style=\"width: 100%;\" controls=\"controls\"><source type=\"audio\/mpeg\" src=\"https:\/\/www.radiokosak.com.br\/portal\/wp-content\/uploads\/2022\/05\/Adir-de-Souza-SINTESPAR.mp3?_=3\" \/><a href=\"https:\/\/www.radiokosak.com.br\/portal\/wp-content\/uploads\/2022\/05\/Adir-de-Souza-SINTESPAR.mp3\">https:\/\/www.radiokosak.com.br\/portal\/wp-content\/uploads\/2022\/05\/Adir-de-Souza-SINTESPAR.mp3<\/a><\/audio>[\/vc_column_text][\/vc_column][\/vc_row]<\/p>\n","protected":false},"excerpt":{"rendered":"<p>[vc_row][vc_column][vc_column_text]<\/p>\n","protected":false},"author":1,"featured_media":6226,"parent":0,"menu_order":0,"comment_status":"closed","ping_status":"closed","template":"","meta":{"_joinchat":[],"footnotes":""},"class_list":["post-3650","page","type-page","status-publish","has-post-thumbnail","hentry"],"_links":{"self":[{"href":"https:\/\/radiokosak.com.br\/portal\/wp-json\/wp\/v2\/pages\/3650","targetHints":{"allow":["GET"]}}],"collection":[{"href":"https:\/\/radiokosak.com.br\/portal\/wp-json\/wp\/v2\/pages"}],"about":[{"href":"https:\/\/radiokosak.com.br\/portal\/wp-json\/wp\/v2\/types\/page"}],"author":[{"embeddable":true,"href":"https:\/\/radiokosak.com.br\/portal\/wp-json\/wp\/v2\/users\/1"}],"replies":[{"embeddable":true,"href":"https:\/\/radiokosak.com.br\/portal\/wp-json\/wp\/v2\/comments?post=3650"}],"version-history":[{"count":112,"href":"https:\/\/radiokosak.com.br\/portal\/wp-json\/wp\/v2\/pages\/3650\/revisions"}],"predecessor-version":[{"id":7190,"href":"https:\/\/radiokosak.com.br\/portal\/wp-json\/wp\/v2\/pages\/3650\/revisions\/7190"}],"wp:featuredmedia":[{"embeddable":true,"href":"https:\/\/radiokosak.com.br\/portal\/wp-json\/wp\/v2\/media\/6226"}],"wp:attachment":[{"href":"https:\/\/radiokosak.com.br\/portal\/wp-json\/wp\/v2\/media?parent=3650"}],"curies":[{"name":"wp","href":"https:\/\/api.w.org\/{rel}","templated":true}]}}